{"id":60,"date":"2018-07-05T07:26:30","date_gmt":"2018-07-05T05:26:30","guid":{"rendered":"http:\/\/wordpress.rrc-kaufering.de\/?page_id=60"},"modified":"2025-04-21T16:23:22","modified_gmt":"2025-04-21T14:23:22","slug":"boogie-woogie","status":"publish","type":"page","link":"https:\/\/www.rrc-kaufering.de\/?page_id=60","title":{"rendered":"Rock-Frequenz"},"content":{"rendered":"<p><strong>Sie suchen einen H\u00f6hepunkt f\u00fcr Ihre Feier, Ball, Hochzeit, Firmenjubil\u00e4um, Sommerfest\u00a0etc.???<\/strong><\/p>\n<p>Unsere erfolgreiche Showformation und\/ oder\u00a0Boogie-Woogie-Paare\u00a0bieten Ihnen eine Show, die sie begeistern wird. Egal ob als Geburtstags\u00fcberraschung, Faschingsparty oder bei einem offiziellen Anla\u00df. Je nach L\u00e4nge des gew\u00fcnschten Showteils und des zur Verf\u00fcgung stehenden Platzes\u00a0sind die T\u00e4nzer entsprechend im Einsatz.\u00a0Das Programm kann auf Ihre W\u00fcnsche hin zusammengestellt werden.<\/p>\n<p><img loading=\"lazy\" decoding=\"async\" class=\"alignnone wp-image-89\" src=\"https:\/\/www.rrc-kaufering.de\/wp-content\/uploads\/2018\/07\/rockfrequenz_201807-e1713692890691-300x205.jpg\" alt=\"\" width=\"600\" height=\"411\" srcset=\"https:\/\/www.rrc-kaufering.de\/wp-content\/uploads\/2018\/07\/rockfrequenz_201807-e1713692890691-300x205.jpg 300w, https:\/\/www.rrc-kaufering.de\/wp-content\/uploads\/2018\/07\/rockfrequenz_201807-e1713692890691-768x526.jpg 768w, https:\/\/www.rrc-kaufering.de\/wp-content\/uploads\/2018\/07\/rockfrequenz_201807-e1713692890691.jpg 856w\" sizes=\"auto, (max-width: 600px) 100vw, 600px\" \/><\/p>\n<h5><\/h5>\n<h5>Referenzen<\/h5>\n<p>Hier eine kleine Liste unserer Auftritte:<\/p>\n<ul>\n<li>Faschingsball &#8222;Wilder Westen&#8220; Eresing &#8211; Februar 2018<\/li>\n<li>Tanztee Seniorenstift Kaufbeuren &#8211; Januar 2018<\/li>\n<li>Sportgala Mariengymnasium &#8211; Dezember 2017<\/li>\n<li>div. Geburtstage<\/li>\n<li>div. Faschingsb\u00e4lle<\/li>\n<\/ul>\n<h3>Nehmen Sie mit uns Kontakt auf:<\/h3>\n<p>Lisa Lederer<br \/>\n<a href=\"mailto:tanzen@vfl-kaufering.de\" target=\"_blank\" rel=\"noopener noreferrer\">tanzen@vfl-kaufering.de<\/a><\/p>\n","protected":false},"excerpt":{"rendered":"<p>Sie suchen einen H\u00f6hepunkt f\u00fcr Ihre Feier, Ball, Hochzeit, Firmenjubil\u00e4um, Sommerfest\u00a0etc.??? Unsere erfolgreiche Showformation und\/ oder\u00a0Boogie-Woogie-Paare\u00a0bieten Ihnen eine Show, die sie begeistern wird. Egal ob als Geburtstags\u00fcberraschung, Faschingsparty oder bei einem offiziellen Anla\u00df. Je nach L\u00e4nge des gew\u00fcnschten Showteils und des zur Verf\u00fcgung stehenden Platzes\u00a0sind die T\u00e4nzer entsprechend im Einsatz.\u00a0Das Programm kann auf Ihre W\u00fcnsche [&hellip;]<\/p>\n","protected":false},"author":1,"featured_media":0,"parent":0,"menu_order":0,"comment_status":"closed","ping_status":"closed","template":"","meta":{"footnotes":""},"class_list":["post-60","page","type-page","status-publish","hentry"],"_links":{"self":[{"href":"https:\/\/www.rrc-kaufering.de\/index.php?rest_route=\/wp\/v2\/pages\/60","targetHints":{"allow":["GET"]}}],"collection":[{"href":"https:\/\/www.rrc-kaufering.de\/index.php?rest_route=\/wp\/v2\/pages"}],"about":[{"href":"https:\/\/www.rrc-kaufering.de\/index.php?rest_route=\/wp\/v2\/types\/page"}],"author":[{"embeddable":true,"href":"https:\/\/www.rrc-kaufering.de\/index.php?rest_route=\/wp\/v2\/users\/1"}],"replies":[{"embeddable":true,"href":"https:\/\/www.rrc-kaufering.de\/index.php?rest_route=%2Fwp%2Fv2%2Fcomments&post=60"}],"version-history":[{"count":10,"href":"https:\/\/www.rrc-kaufering.de\/index.php?rest_route=\/wp\/v2\/pages\/60\/revisions"}],"predecessor-version":[{"id":485,"href":"https:\/\/www.rrc-kaufering.de\/index.php?rest_route=\/wp\/v2\/pages\/60\/revisions\/485"}],"wp:attachment":[{"href":"https:\/\/www.rrc-kaufering.de\/index.php?rest_route=%2Fwp%2Fv2%2Fmedia&parent=60"}],"curies":[{"name":"wp","href":"https:\/\/api.w.org\/{rel}","templated":true}]}}